 of -v**3/3 + 9*v. Give j(3).
-6
Let z(o) = -o**2 + o + 21. Let y be z(0). Let s = -25 + y. Let m(k) = -2*k + 1. Give m(s).
9
Suppose 2*j - 7 = -1. Let d(s) = s - 1 + 12*s**j - 10*s**3 + 1. What is d(1)?
3
Let o(l) = -4*l + 3. Let m = -3 - -5. Let s(v) = v**2 + 3*v. Let j be s(-4). Suppose 4*h - j = m*h. Give o(h).
-5
Let w be 8/(-12)*(-1 - 5). Suppose -h - 5*u = -20, -w*h + u + 0*u + 17 = 0. Let a(b) = b - 9. Give a(h).
-4
Suppose -t - k = -4, 5*t + 0 = k - 10. Let z(y) = 24*y**2 - 8*y - 3. Let p(u) = 8*u**2 - 3*u - 1. Let r(j) = 8*p(j) - 3*z(j). Calculate r(t).
-7
Let t(w) be the second derivative of 0*w**2 + 0 - 1/12*w**4 - 2*w + 2/3*w**3. What is t(3)?
3
Let s(x) = -6 + 13 - 2*x**2 - 2*x**2 - 6. Let v be 2 + 0 - (1 - 1). Suppose 4*w = -5*l + 1 - 0, -v = -3*l - w. What is s(l)?
-3
Let t(w) = -6*w**3 - 6*w**2 + 7*w + 1. Let f(a) = a**2 - a + 1. Let d(o) = 6*f(o) + t(o). Let g(s) = 7*s**3 - s - 7. Let l(q) = -6*d(q) - 5*g(q). What is l(0)?
-7
Let i(m) = m**2 + 7*m + 2. Let l(g) = -3*g**2 - 22*g - 7. Let o(z) = 7*i(z) + 2*l(z). What is o(-5)?
0
Let n = -69 + 70. Let f(c) = 2*c**3 + c**2. Calculate f(n).
3
Let j = -5 + 10. Let s(x) be the first derivative of 3*x**2 - 2*x - 1/4*x**4 - 1 + 4/3*x**3. Determine s(j).
3
Let p(u) = -u + 2. Suppose 4*k = 5*k + 2. Let c = -6 - k. Calculate p(c).
6
Let f = -4 - -6. Let l(m) = -5*m - 3. Suppose -3*o = -2*o + 4. Let q(g) = -5*g - 4. Let x(a) = o*l(a) + 3*q(a). Determine x(f).
10
Let u(w) = w - 5. Let a(q) = -13*q**2 + 2. Let t(d) = -7*d**2 + 1. Let v(l) = -3*a(l) + 5*t(l). Let h be v(1). Determine u(h).
-2
Let f(m) be the second derivative of -m**5/20 + 7*m**4/12 - 5*m**3/6 - 4*m**2 + m. Let a = -155 - -161. What is f(a)?
-2
Suppose 0*h - h = 3*z + 16, 0 = 5*z + h + 24. Let k(b) be the third derivative of -1/60*b**5 + 2*b**2 - 2/3*b**3 + 0*b - 5/24*b**4 + 0. Calculate k(z).
0
Suppose 2*c - 2 = 4*c - 3*a, 4*a + 12 = -c. Let d(b) = -3*b. Give d(c).
12
Let i(v) = v**3 - 7*v**2 + 8*v - 7. Let b be (-5 + 17)*(-2)/(-4). What is i(b)?
5
Suppose 5*v = -0*v + 15. Let r(j) = 0*j - 5 - v*j + 3*j - j**3. Determine r(0).
-5
Let b(l) be the first derivative of -l**4/4 - 2*l**3/3 + l**2/2 + 2*l - 6. Calculate b(-2).
0
Suppose p = -3 + 5. Let t(o) be the third derivative of o**5/60 - o**4/12 - o**3/6 + 9*o**2. Determine t(p).
-1
Let z(f) = f**3 - 2*f**2 - f + 2. Suppose 5*u = 11 + 4. Calculate z(u).
8
Let m(j) = 7*j**2 - j. Suppose 6*n - n = 5. Calculate m(n).
6
Suppose 2*v + 22 = -4*y - 0, 5*v - 11 = y. Let l be (y/(-4))/(9/(-18)). Let t(q) = -2*q + 3. Calculate t(l).
9
Suppose -6 = 2*y + y. Let w(o) = -o**3 + 2*o + 2. Determine w(y).
6
Let j(c) be the second derivative of -c**3/3 - 2*c**2 + c. Calculate j(-3).
2
Let d(a) = a + 1. Let w = 22 + -24. Calculate d(w).
-1
Let n(k) be the second derivative of k**5/20 + k**4/12 + k**3/6 - k**2 + 7*k. Let x = 30 - 32. What is n(x)?
-8
Suppose 2*c = 2 - 30. Let m = 10 + c. Let j(l) = l**2 + 3*l. Calculate j(m).
4
Let m(v) = 2*v**2 - 6*v + 12. Let l(r) = -r**2 - r - 1. Let h(y) = 3*l(y) + m(y). What is h(-8)?
17
Let m = 398 + -396. Let r(b) = b. Let q(p) = p**3 + 5*p - 1. Let x(a) = -q(a) + 6*r(a). Let d(l) be the first derivative of x(l). Give d(m).
-11
Let h be (1 + 2/(-6))*12. Let f = -11 + h. Let d be f - 3/(-1 - 0). Let x(v) = v - 10. What is x(d)?
-10
Suppose 0*r + 4*r - 8 = 0. Let v(p) = -4 + 4 + r*p - 3. Let u be 42/12 - 1/2. Calculate v(u).
3
Let h(b) = -b - 1. Let s(m) = -m**3 - 5*m**2 + 3*m + 5. Let o(r) = -6*h(r) - s(r). What is o(-2)?
7
Let a(y) = -2*y + 2*y - 4*y + 1. Let z = 5 + -3. Suppose z*r + 4 = -0*r. What is a(r)?
9
Let t = 3 - -1. Let i(h) = -2 - 5*h + h + t + 3*h. Give i(0).
2
Let j(r) = r + 2. Let c be 2/(-2 + -2)*-2. Let d be (2 + -4 + 2)/c. Give j(d).
2
Let p(d) be the second derivative of 2*d + 0 + 1/6*d**3 - d**2. Let q be 1*(3 + (0 - 0)). Determine p(q).
1
Suppose 3*n - 3 - 3 = 0. Suppose 4*o - 3*k - 4 = 3*o, -48 = -5*o + k. Let v(j) = -3*j**2 + 5 + j**3 + 4*j + o - 18. Give v(n).
1
Let t(g) = -4*g**3 + g**2 - g. Suppose -3*n - 5*r + 23 = -5*n, 2*n - 22 = -4*r. What is t(n)?
-4
Let d(b) be the first derivative of b**3/3 + 3*b**2/2 - 2*b + 4. Determine d(-3).
-2
Let a(l) be the second derivative of -l**5/20 - l**4/3 + 5*l**3/6 + 7*l**2/2 - 6*l. Give a(-5).
7
Let n(f) be the first derivative of 0*f**2 + 3 - 3 + f**2 + 3. Let k = -9 + 11. Determine n(k).
4
Let k be 20 - (1 + -1 + 2). Suppose 5*l - 2*l = k. Suppose -2*p + 15 = -5*c, -l*c - 25 = -c. Let z(t) = -t - 5. Determine z(p).
0
Let z(f) be the second derivative of f**3/6 + 9*f**2/2 - 17*f. What is z(-6)?
3
Let a(c) = c**3 + 7*c**2 + 5*c - 6. Let y be a(-6). Let f = y - 5. Let p(z) = -z**2 - 2*z + 5. Calculate p(f).
-10
Let x(l) = l**3 + 2*l**2 - 1. Let v(i) = -i + 9. Let z be v(10). Let o be (-1 + (-4 - z))/2. Give x(o).
-1
Let y(o) = o**3 - o**2 - o - 2. Let a be (-44)/(-77)*(-7)/2. Determine y(a).
-12
Suppose 3*a = -4*i + 15, 0 = 4*i + 2*a - 5 - 9. Let k = -3 - i. Let m(p) = -p**2 - 3*p + 7. Determine m(k).
-11
Let z(t) be the first derivative of -2*t - t**3 + 1 + 0*t**2 + 0*t**2 + 2*t**2 + 1. What is z(2)?
-6
Let z(p) be the first derivative of p**4 - p**2/2 - p + 25. Let w = 1 + -2. Let q be z(w). Let i(o) = o + 3. Calculate i(q).
-1
Let x(d) = 1 + 1 - 8 + 0 + 4*d**2 + d**3 - 2*d. Give x(-4).
2
Let k(v) be the first derivative of v**4/4 + 4*v**3/3 - 3*v**2 - 7*v - 16. Let b(u) = u**3 + 6*u**2 + 5*u - 5. Let n be b(-5). Give k(n).
-2
Let y(j) be the second derivative of -j**4/12 + 3*j**2/2 - 6*j. Determine y(0).
3
Let j(o) = o**3 + 6*o**2 + 8. Let x be (48/(-14))/(-4)*-7. Determine j(x).
8
Suppose 3*y = 3, 3*y = 5*v + y - 23. Let b(d) = d - 9. Determine b(v).
-4
Let t(q) = -q**3 + 9*q**2 - 9*q + 9. Let f be t(8). Let h(s) = f - 4*s + 0*s**2 + 5*s**2 - 4*s**2. Let i be h(4). Let y(b) = b**2 - 2*b + 1. Give y(i).
0
Let y(x) = -x**2 + 2. Let a(g) = -g + 4. Let h be a(4). Let f be ((-2)/(-4))/((-2)/(-8)). Let k = f - h. Determine y(k).
-2
Suppose 4*q + 25 = 33. Let n(m) be the first derivative of -m - m**2 + 1/3*m**3 + 1. Determine n(q).
-1
Let p(b) = -b**2 + 8*b - 3. Suppose 0*z + s = -3*z + 19, 5*z - 5*s = 25. Determine p(z).
9
Let z(w) be the first derivative of w**3/3 - 3*w**2/2 + 1. Let f(j) = -j**3 - 7*j**2 - j - 3. Let h be f(-7). Suppose 0*i = i - h. Give z(i).
4
Let o(f) be the first derivative of 4*f**2 + 9 + 2*f**3 - 2*f**2 - f - f**2. Calculate o(1).
7
Let b(k) = k**2 + 2*k + 3. Let w = 15 + -17. Determine b(w).
3
Let c(h) = h + 2. Let l be c(-3). Let q be l/2*-4 - 2. Let p(u) = -13*u + 7. Let y(r) = -3*r + 2. Let i(z) = -2*p(z) + 9*y(z). Give i(q).
4
Let r(w) = -w**2 + 6*w - 4. Let d = 1 + -2. Let l be ((-25)/(-10))/(d/(-2)). Give r(l).
1
Let b(m) = -m**2 + m. Let c(p) = -8*p**2 + 6*p + 1. Let x(n) = 6*b(n) - c(n). Determine x(-2).
7
Suppose -2 - 4 = -2*l. Let y(w) = 7*w + 5 + l*w**2 - 2*w + 0*w - w**3 - w. Give y(4).
5
Let n(s) = -16*s**2 + 5*s**2 + 5*s**2 + 6*s + s**3. Determine n(5).
5
Let m(q) = -13*q. Let f = 152 - 151. Calculate m(f).
-13
Let s(y) = y**2 + 1. Let k(d) = 5*d**2 + 5*d + 8. Let x(w) = -k(w) + 4*s(w). Calculate x(-6).
-10
Let w(x) = -x - 1. Suppose 0 = 4*k - 14 - 6. Suppose -k*v + 6 + 14 = 0. Let q be (v + -3)*(1 + 2). Give w(q).
-4
Let v(g) be the first derivative of -25*g**4/4 - 2*g**3/3 + g**2/2 + 42. What is v(1)?
-26
Let t(q) = -q**2 + 6*q - 1. Let w be (-2 - -4) + 3 + 2. Let s = w + -2. Give t(s).
4
Let k = -9 + 8. Let z be ((-2)/k)/((-16)/24). Let l(a) = -7*a - 7. Let h(s) = -15*s - 15. Let q(t) = -3*h(t) + 7*l(t). Calculate q(z).
8
Suppose 0 = -j - 2*d + 11, 3*j + 4*d - 16 - 7 = 0. Let i(z) = 2*z. Let a be i(j). Suppose -x - 1 = -a. Let m(t) = t - 2. Calculate m(x).
-1
Let u(f) = -f**3 + 6*f**2 + 7*f + 7. Let z be u(7). Let t(x) = x + x + 14 - 3*x - z. Give t(5).
2
Suppose -4*t + 8*t - 12 = 0. Suppose -8*l + 15 = -t*l. Let k(x) = -x**3 + 3*x**2 + 2*x - 2. What is k(l)?
4
Let w(z) = -8*z**2 + z - 1. Let f(p) = -p + 13. Let r be (-4)/5*75/(-6). Let i be f(r). Let o be 2 + (-2 - (2 - i)). Give w(o).
-8
Let i(v) = 2*v**2 + 5 - 2*v - 3 - 3*v. Suppose 6*o = 11*o - 15. What is i(o)?
5
Let u(b) = -6*b**2 - 3*b**2 - 7*b + 5 + 5*b**3 + 4*b**2. Let s(v) = -15*v**3 + 14*v**2 + 20*v - 14. Let w(k) = 6*s(k) + 17*u(k). What is w(-1)?
4
Let h = 16 + -18. Let w(r) = 3*r**